{"id":59,"date":"2017-04-11T10:33:42","date_gmt":"2017-04-11T10:33:42","guid":{"rendered":"\/?page_id=59"},"modified":"2021-11-01T08:36:37","modified_gmt":"2021-11-01T08:36:37","slug":"accueil","status":"publish","type":"page","link":"http:\/\/cslc.ul.edu.lb\/","title":{"rendered":"Accueil"},"content":{"rendered":"<p style=\"text-align: justify;\">Le <strong>Centre des Sciences du Langage et de la Communication<\/strong> (CSLC), fond\u00e9 en 2000 et affili\u00e9 \u00e0 la <strong>Facult\u00e9 des Lettres et des Sciences Humaines de l\u2019Universit\u00e9 Libanaise<\/strong>, a pour objectif de mettre la technologie au service de l\u2019enseignement et la langue. Les dipl\u00f4mes que l\u2019on peut obtenir au Centre sont reconnus \u00e0 l\u2019\u00e9chelle internationale et s\u2019\u00e9chelonnent de la licence au doctorat en passant par des masters professionnels, des masters de recherches et des dipl\u00f4mes professionnels.<\/p>\n<hr style=\"border: 0; height: 1px;background-image: linear-gradient(to right, rgba(0, 0, 0, 0), rgba(0, 0, 0, 0.75), rgba(0, 0, 0, 0));\"\/>\n<style>ul li::marker {\n  content: \"\\1F4CC\";\n}<\/style>\n<ul>\n<li><a href=\"\/?page_id=1646\" style=\"font-size: 16px;color: red;\">CSLC Online Learning<\/a><\/li>\n<li><a href=\"\/?page_id=1692\" style=\"font-size: 16px;color: red;\">2021-22 Licence and Master Timetables <\/a><\/li>\n<\/ul>\n","protected":false},"excerpt":{"rendered":"<p>Le Centre des Sciences du Langage et de la Communication (CSLC), fond\u00e9 en 2000 et affili\u00e9 \u00e0 la Facult\u00e9 des Lettres et des Sciences Humaines de l\u2019Universit\u00e9 Libanaise, a pour objectif de mettre la technologie au service de l\u2019enseignement et la langue. Les dipl\u00f4mes que l\u2019on peut obtenir au Centre sont reconnus \u00e0 l\u2019\u00e9chelle internationale [&hellip;]<\/p>\n","protected":false},"author":1,"featured_media":0,"parent":0,"menu_order":10000,"comment_status":"closed","ping_status":"closed","template":"","meta":[],"_links":{"self":[{"href":"http:\/\/cslc.ul.edu.lb\/index.php?rest_route=\/wp\/v2\/pages\/59"}],"collection":[{"href":"http:\/\/cslc.ul.edu.lb\/index.php?rest_route=\/wp\/v2\/pages"}],"about":[{"href":"http:\/\/cslc.ul.edu.lb\/index.php?rest_route=\/wp\/v2\/types\/page"}],"author":[{"embeddable":true,"href":"http:\/\/cslc.ul.edu.lb\/index.php?rest_route=\/wp\/v2\/users\/1"}],"replies":[{"embeddable":true,"href":"http:\/\/cslc.ul.edu.lb\/index.php?rest_route=%2Fwp%2Fv2%2Fcomments&post=59"}],"version-history":[{"count":45,"href":"http:\/\/cslc.ul.edu.lb\/index.php?rest_route=\/wp\/v2\/pages\/59\/revisions"}],"predecessor-version":[{"id":1699,"href":"http:\/\/cslc.ul.edu.lb\/index.php?rest_route=\/wp\/v2\/pages\/59\/revisions\/1699"}],"wp:attachment":[{"href":"http:\/\/cslc.ul.edu.lb\/index.php?rest_route=%2Fwp%2Fv2%2Fmedia&parent=59"}],"curies":[{"name":"wp","href":"https:\/\/api.w.org\/{rel}","templated":true}]}}