{"id":129,"date":"2017-04-11T20:10:26","date_gmt":"2017-04-11T20:10:26","guid":{"rendered":"\/?page_id=129"},"modified":"2021-10-01T13:22:31","modified_gmt":"2021-10-01T13:22:31","slug":"doctorat","status":"publish","type":"page","link":"http:\/\/cslc.ul.edu.lb\/?page_id=129","title":{"rendered":"Doctorat"},"content":{"rendered":"<p><strong>Doctorat en Sciences du Langage et de la Communication<\/strong><\/p>\n<p style=\"text-align: justify;\">Le centre g\u00e8re les \u00e9tudes dans ce cycle selon les crit\u00e8res de l\u2019Universit\u00e9 libanaise et de l\u2019\u00c9cole doctorale pour les Sciences Humaines et Sociales.<br \/>\nPour plus d&#8217;information vous pouvez consulter le lien de l&#8217;ecole doctorale :<br \/>\n<a href=\"https:\/\/www.ul.edu.lb\/faculte\/deanOffice.aspx?facultyId=22\">https:\/\/www.ul.edu.lb\/faculte\/deanOffice.aspx?facultyId=22<\/a><\/p>\n","protected":false},"excerpt":{"rendered":"<p>Doctorat en Sciences du Langage et de la Communication Le centre g\u00e8re les \u00e9tudes dans ce cycle selon les crit\u00e8res de l\u2019Universit\u00e9 libanaise et de l\u2019\u00c9cole doctorale pour les Sciences Humaines et Sociales. Pour plus d&#8217;information vous pouvez consulter le lien de l&#8217;ecole doctorale : https:\/\/www.ul.edu.lb\/faculte\/deanOffice.aspx?facultyId=22<\/p>\n","protected":false},"author":1,"featured_media":0,"parent":0,"menu_order":0,"comment_status":"closed","ping_status":"closed","template":"","meta":[],"_links":{"self":[{"href":"http:\/\/cslc.ul.edu.lb\/index.php?rest_route=\/wp\/v2\/pages\/129"}],"collection":[{"href":"http:\/\/cslc.ul.edu.lb\/index.php?rest_route=\/wp\/v2\/pages"}],"about":[{"href":"http:\/\/cslc.ul.edu.lb\/index.php?rest_route=\/wp\/v2\/types\/page"}],"author":[{"embeddable":true,"href":"http:\/\/cslc.ul.edu.lb\/index.php?rest_route=\/wp\/v2\/users\/1"}],"replies":[{"embeddable":true,"href":"http:\/\/cslc.ul.edu.lb\/index.php?rest_route=%2Fwp%2Fv2%2Fcomments&post=129"}],"version-history":[{"count":7,"href":"http:\/\/cslc.ul.edu.lb\/index.php?rest_route=\/wp\/v2\/pages\/129\/revisions"}],"predecessor-version":[{"id":1488,"href":"http:\/\/cslc.ul.edu.lb\/index.php?rest_route=\/wp\/v2\/pages\/129\/revisions\/1488"}],"wp:attachment":[{"href":"http:\/\/cslc.ul.edu.lb\/index.php?rest_route=%2Fwp%2Fv2%2Fmedia&parent=129"}],"curies":[{"name":"wp","href":"https:\/\/api.w.org\/{rel}","templated":true}]}}